{"id":6,"date":"2020-01-14T19:15:14","date_gmt":"2020-01-14T18:15:14","guid":{"rendered":"http:\/\/neu.akkordeon-neumuenster.de\/?page_id=6"},"modified":"2020-03-11T09:55:36","modified_gmt":"2020-03-11T08:55:36","slug":"impressum","status":"publish","type":"page","link":"https:\/\/akkordeon-neumuenster.de\/?page_id=6","title":{"rendered":"Impressum"},"content":{"rendered":"\n<h2 class=\"wp-block-heading\">Anschrift <\/h2>\n\n\n\n<p>Akkordeon-Orchester Neum\u00fcnster<br> Vossbarg 40<br>24598 Boostedt <\/p>\n\n\n\n<p><strong>Telefon<\/strong>  0160 963 429 59 <br><strong>Web:<\/strong> <a href=\"http:\/\/www.akkordeon-neumuenster.de\/\">www.akkordeon-neumuenster.de<\/a><br><strong>E-Mail:<\/strong> <a href=\"mailto:info@akkordeon-neumuenster.de\">info@akkordeon-neumuenster.de<\/a><\/p>\n\n\n\n<h3 class=\"wp-block-heading\">Vertretungsberechtigt<\/h3>\n\n\n\n<p> Anne-Kathrin Ickert <\/p>\n\n\n\n<p><strong>Fotos:<\/strong> Susanne Wittorf, Matthias Gerlach<\/p>\n\n\n\n<h2 class=\"wp-block-heading\">Haftung f\u00fcr Inhalte dieser Website<\/h2>\n\n\n\n<p>Wir\n entwickeln die Inhalte dieser Webseite st\u00e4ndig weiter und bem\u00fchen uns \nkorrekte und aktuelle Informationen bereitzustellen. Laut \nTelemediengesetz <a href=\"https:\/\/www.gesetze-im-internet.de\/tmg\/__7.html?tid=321160996\" rel=\"noreferrer noopener\" target=\"_blank\">(TMG) \u00a77 (1)<\/a>\n sind wir als Diensteanbieter f\u00fcr eigene Informationen, die wir zur \nNutzung bereitstellen, nach den allgemeinen Gesetzen verantwortlich. \nLeider k\u00f6nnen wir keine Haftung f\u00fcr die Korrektheit aller Inhalte auf \ndieser Webseite \u00fcbernehmen, speziell f\u00fcr jene die seitens Dritter \nbereitgestellt wurden. Als Diensteanbieter im Sinne der \u00a7\u00a7 8 bis 10 sind\n wir nicht verpflichtet, die von ihnen \u00fcbermittelten oder gespeicherten \nInformationen zu \u00fcberwachen oder nach Umst\u00e4nden zu forschen, die auf \neine rechtswidrige T\u00e4tigkeit hinweisen.<\/p>\n\n\n\n<p>Unsere Verpflichtungen zur Entfernung von Informationen oder zur \nSperrung der Nutzung von Informationen nach den allgemeinen Gesetzen \naufgrund von gerichtlichen oder beh\u00f6rdlichen Anordnungen bleiben auch im\n Falle unserer Nichtverantwortlichkeit nach den \u00a7\u00a7 8 bis 10 unber\u00fchrt. <\/p>\n\n\n\n<p>Sollten Ihnen problematische oder rechtswidrige Inhalte auffallen, \nbitte wir Sie uns umgehend zu kontaktieren, damit wir die rechtswidrigen\n Inhalte entfernen k\u00f6nnen. Sie finden die Kontaktdaten im Impressum.<\/p>\n\n\n\n<h2 class=\"wp-block-heading\">Haftung f\u00fcr Links auf dieser Website<\/h2>\n\n\n\n<p>Unsere\n Webseite enth\u00e4lt Links zu anderen Webseiten f\u00fcr deren Inhalt wir nicht \nverantwortlich sind. Haftung f\u00fcr verlinkte Websites besteht f\u00fcr uns \nnicht, da wir keine Kenntnis rechtswidriger T\u00e4tigkeiten hatten und \nhaben, uns solche Rechtswidrigkeiten auch bisher nicht aufgefallen sind \nund wir Links sofort entfernen w\u00fcrden, wenn uns Rechtswidrigkeiten \nbekannt werden.<\/p>\n\n\n\n<p>Wenn Ihnen rechtswidrige Links auf unserer Website auffallen, bitte \nwir Sie uns zu kontaktieren. Sie finden die Kontaktdaten im Impressum.<\/p>\n\n\n\n<h2 class=\"wp-block-heading\">Urheberrechtshinweis<\/h2>\n\n\n\n<p>Alle\n Inhalte dieser Webseite (Bilder, Fotos, Texte, Videos) unterliegen dem \nUrheberrecht der Bundesrepublik Deutschland. Bitte fragen Sie uns bevor \nSie die Inhalte dieser Website verbreiten, vervielf\u00e4ltigen oder \nverwerten wie zum Beispiel auf anderen Websites erneut ver\u00f6ffentlichen. \nFalls notwendig, werden wir die unerlaubte Nutzung von Teilen der \nInhalte unserer Seite rechtlich verfolgen.<\/p>\n\n\n\n<p>Sollten Sie auf dieser Webseite Inhalte finden, die das Urheberrecht verletzen, bitten wir Sie uns zu kontaktieren.<\/p>\n\n\n\n<p><strong>Design und technische Umsetzung: <\/strong><a href=\"http:\/\/www.webdesign-individuell.de\/\" target=\"_blank\" rel=\"noreferrer noopener\">Webdesign individuell Malgorzata A. Ackermann<\/a><\/p>\n","protected":false},"excerpt":{"rendered":"<p>Anschrift Akkordeon-Orchester Neum\u00fcnster Vossbarg 4024598 Boostedt Telefon 0160 963 429 59 Web: www.akkordeon-neumuenster.deE-Mail: info@akkordeon-neumuenster.de Vertretungsberechtigt Anne-Kathrin Ickert Fotos: Susanne Wittorf, Matthias Gerlach Haftung f\u00fcr Inhalte dieser Website Wir entwickeln die Inhalte dieser Webseite st\u00e4ndig weiter und bem\u00fchen uns korrekte und aktuelle Informationen bereitzustellen. Laut Telemediengesetz (TMG) \u00a77 (1) sind wir als Diensteanbieter f\u00fcr eigene Informationen, [&hellip;]<\/p>\n","protected":false},"author":1,"featured_media":0,"parent":0,"menu_order":0,"comment_status":"closed","ping_status":"closed","template":"","meta":{"footnotes":""},"class_list":["post-6","page","type-page","status-publish","hentry","entry"],"_links":{"self":[{"href":"https:\/\/akkordeon-neumuenster.de\/index.php?rest_route=\/wp\/v2\/pages\/6","targetHints":{"allow":["GET"]}}],"collection":[{"href":"https:\/\/akkordeon-neumuenster.de\/index.php?rest_route=\/wp\/v2\/pages"}],"about":[{"href":"https:\/\/akkordeon-neumuenster.de\/index.php?rest_route=\/wp\/v2\/types\/page"}],"author":[{"embeddable":true,"href":"https:\/\/akkordeon-neumuenster.de\/index.php?rest_route=\/wp\/v2\/users\/1"}],"replies":[{"embeddable":true,"href":"https:\/\/akkordeon-neumuenster.de\/index.php?rest_route=%2Fwp%2Fv2%2Fcomments&post=6"}],"version-history":[{"count":4,"href":"https:\/\/akkordeon-neumuenster.de\/index.php?rest_route=\/wp\/v2\/pages\/6\/revisions"}],"predecessor-version":[{"id":130,"href":"https:\/\/akkordeon-neumuenster.de\/index.php?rest_route=\/wp\/v2\/pages\/6\/revisions\/130"}],"wp:attachment":[{"href":"https:\/\/akkordeon-neumuenster.de\/index.php?rest_route=%2Fwp%2Fv2%2Fmedia&parent=6"}],"curies":[{"name":"wp","href":"https:\/\/api.w.org\/{rel}","templated":true}]}}