{"id":9,"date":"2020-01-14T19:16:55","date_gmt":"2020-01-14T18:16:55","guid":{"rendered":"http:\/\/neu.akkordeon-neumuenster.de\/?page_id=9"},"modified":"2020-01-14T19:50:22","modified_gmt":"2020-01-14T18:50:22","slug":"chronik","status":"publish","type":"page","link":"https:\/\/akkordeon-neumuenster.de\/?page_id=9","title":{"rendered":"Chronik"},"content":{"rendered":"\n<div class=\"wp-block-columns is-layout-flex wp-container-core-columns-is-layout-9d6595d7 wp-block-columns-is-layout-flex\">\n<div class=\"wp-block-column is-layout-flow wp-block-column-is-layout-flow\" style=\"flex-basis:66.66%\">\n<p> Das Orchester begann als Bandonion-Orchester Neum\u00fcnster von 1921 und wurde ausschlie\u00dflich von m\u00e4nnlichen Spielern gegr\u00fcndet. <\/p>\n\n\n\n<p> Dass es sich damals um eine Zeit handelte, die ohne Multimedia  auskam,  zeigte sich daran, dass ungew\u00f6hnlich viele Ch\u00f6re und Orchester   gegr\u00fcndet wurden und stets vor gro\u00dfem Publikum spielten. Durch die   Kriegswirren in Deutschland galt es aber sp\u00e4ter nicht nur f\u00fcr das   Bandonionorchester Neum\u00fcnster, immer wieder Tiefs zu \u00fcberwinden. So kam   zurzeit des 2. Weltkrieges die Vereinst\u00e4tigkeit fast zum Erliegen. 1945   wurde seitens der Milit\u00e4rverwaltung der Stadt Neum\u00fcnster nach   schriftlichem Erlaubnis-Antrag des Orchestervorstands die Wiederaufnahme   der Vereinst\u00e4tigkeit bewilligt. <\/p>\n<\/div>\n\n\n\n<div class=\"wp-block-column is-layout-flow wp-block-column-is-layout-flow\" style=\"flex-basis:33.33%\">\n<figure class=\"wp-block-image size-large\"><img decoding=\"async\" width=\"200\" height=\"200\" src=\"http:\/\/neu.akkordeon-neumuenster.de\/wp-content\/uploads\/2020\/01\/logo200x200.jpg\" alt=\"\" class=\"wp-image-26\" srcset=\"https:\/\/akkordeon-neumuenster.de\/wp-content\/uploads\/2020\/01\/logo200x200.jpg 200w, https:\/\/akkordeon-neumuenster.de\/wp-content\/uploads\/2020\/01\/logo200x200-150x150.jpg 150w\" sizes=\"(max-width: 200px) 100vw, 200px\" \/><\/figure>\n<\/div>\n<\/div>\n\n\n\n<p>Viele Jahre sp\u00e4ter begann sich das Bild des Orchesters zu ver\u00e4ndern. \nEs gab Probleme, Nachwuchsspieler f\u00fcr das Instrument Bandonion zu \nfinden. Um das Orchester aufrecht zu erhalten, \u201edurften\u201c die ersten \nDamen mitspielen und man nahm gerne andere Instrumente wie Fl\u00f6te, \nPosaune oder Trompete auf. Langfristig setzten diese sich jedoch im \nOrchester nicht durch. Auch das artverwandte Akkordeon kam in dieser \nUmbruchphase dazu und war schnell in der \u00dcberzahl, so dass das \nInstrument sp\u00e4ter im Namen mit aufgenommen wurde. Die Herren wurden so \nnach und nach immer weniger, die Zahl der weiblichen Spielerinnen nahm \njedoch stetig zu.<\/p>\n\n\n\n<p>Inzwischen ist kein Bandonion mehr vertreten. Aus dem einstigen Bandonion-Orchester von 1921 ist seit Anfang 2014 das <strong>Akkordeon-Orchester Neum\u00fcnster (seit 1921)<\/strong> geworden.<\/p>\n\n\n\n<figure class=\"wp-block-image size-large\"><img fetchpriority=\"high\" decoding=\"async\" width=\"580\" height=\"420\" src=\"http:\/\/neu.akkordeon-neumuenster.de\/wp-content\/uploads\/2020\/01\/chronik_neu.jpg\" alt=\"\" class=\"wp-image-27\" srcset=\"https:\/\/akkordeon-neumuenster.de\/wp-content\/uploads\/2020\/01\/chronik_neu.jpg 580w, https:\/\/akkordeon-neumuenster.de\/wp-content\/uploads\/2020\/01\/chronik_neu-300x217.jpg 300w\" sizes=\"(max-width: 580px) 100vw, 580px\" \/><\/figure>\n","protected":false},"excerpt":{"rendered":"<p>Das Orchester begann als Bandonion-Orchester Neum\u00fcnster von 1921 und wurde ausschlie\u00dflich von m\u00e4nnlichen Spielern gegr\u00fcndet. Dass es sich damals um eine Zeit handelte, die ohne Multimedia auskam, zeigte sich daran, dass ungew\u00f6hnlich viele Ch\u00f6re und Orchester gegr\u00fcndet wurden und stets vor gro\u00dfem Publikum spielten. Durch die Kriegswirren in Deutschland galt es aber sp\u00e4ter nicht nur [&hellip;]<\/p>\n","protected":false},"author":1,"featured_media":0,"parent":0,"menu_order":0,"comment_status":"closed","ping_status":"closed","template":"","meta":{"footnotes":""},"class_list":["post-9","page","type-page","status-publish","hentry","entry"],"_links":{"self":[{"href":"https:\/\/akkordeon-neumuenster.de\/index.php?rest_route=\/wp\/v2\/pages\/9","targetHints":{"allow":["GET"]}}],"collection":[{"href":"https:\/\/akkordeon-neumuenster.de\/index.php?rest_route=\/wp\/v2\/pages"}],"about":[{"href":"https:\/\/akkordeon-neumuenster.de\/index.php?rest_route=\/wp\/v2\/types\/page"}],"author":[{"embeddable":true,"href":"https:\/\/akkordeon-neumuenster.de\/index.php?rest_route=\/wp\/v2\/users\/1"}],"replies":[{"embeddable":true,"href":"https:\/\/akkordeon-neumuenster.de\/index.php?rest_route=%2Fwp%2Fv2%2Fcomments&post=9"}],"version-history":[{"count":7,"href":"https:\/\/akkordeon-neumuenster.de\/index.php?rest_route=\/wp\/v2\/pages\/9\/revisions"}],"predecessor-version":[{"id":216,"href":"https:\/\/akkordeon-neumuenster.de\/index.php?rest_route=\/wp\/v2\/pages\/9\/revisions\/216"}],"wp:attachment":[{"href":"https:\/\/akkordeon-neumuenster.de\/index.php?rest_route=%2Fwp%2Fv2%2Fmedia&parent=9"}],"curies":[{"name":"wp","href":"https:\/\/api.w.org\/{rel}","templated":true}]}}